t of 300970?
0
What is the millions digit of 9317391?
9
What is the ten thousands digit of 3852079?
5
What is the tens digit of 22390?
9
What is the thousands digit of 3793053?
3
What is the hundred thousands digit of 311950?
3
What is the tens digit of 912698?
9
What is the hundreds digit of 1638787?
7
What is the units digit of 183998?
8
What is the thousands digit of 15264235?
4
What is the units digit of 1084953?
3
What is the tens digit of 51755?
5
What is the ten millions digit of 11622988?
1
What is the thousands digit of 15190406?
0
What is the ten thousands digit of 2616690?
1
What is the hundred thousands digit of 108239?
1
What is the millions digit of 4294323?
4
What is the millions digit of 2794245?
2
What is the tens digit of 38895?
9
What is the hundred thousands digit of 338123?
3
What is the hundreds digit of 632285?
2
What is the thousands digit of 3930833?
0
What is the thousands digit of 1244621?
4
What is the ten thousands digit of 1706226?
0
What is the ten thousands digit of 2077441?
7
What is the hundred thousands digit of 609077?
6
What is the units digit of 6911321?
1
What is the tens digit of 281423?
2
What is the units digit of 744804?
4
What is the ten thousands digit of 216115?
1
What is the thousands digit of 238809?
8
What is the units digit of 4833011?
1
What is the thousands digit of 10441248?
1
What is the hundred thousands digit of 224115?
2
What is the hundred thousands digit of 558809?
5
What is the units digit of 3033756?
6
What is the units digit of 560417?
7
What is the tens digit of 191875?
7
What is the thousands digit of 159898?
9
What is the tens digit of 91055?
5
What is the millions digit of 7308824?
7
What is the units digit of 3467104?
4
What is the hundred thousands digit of 7257836?
2
What is the thousands digit of 7371413?
1
What is the ten thousands digit of 72077?
7
What is the millions digit of 8781749?
8
What is the units digit of 375349?
9
What is the tens digit of 2181647?
4
What is the ten thousands digit of 2148004?
4
What is the units digit of 3007559?
9
What is the ten thousands digit of 263370?
6
What is the tens digit of 5393461?
6
What is the thousands digit of 168382?
8
What is the hundred thousands digit of 252904?
2
What is the tens digit of 787369?
6
What is the thousands digit of 1838884?
8
What is the ten thousands digit of 9315944?
1
What is the hundreds digit of 7866503?
5
What is the millions digit of 2342613?
2
What is the hundred thousands digit of 1940678?
9
What is the millions digit of 6871019?
6
What is the units digit of 795824?
4
What is the hundreds digit of 6257525?
5
What is the units digit of 579799?
9
What is the units digit of 3205586?
6
What is the units digit of 3690889?
9
What is the ten thousands digit of 126223?
2
What is the hundred thousands digit of 179945?
1
What is the tens digit of 229343?
4
What is the thousands digit of 92016?
2
What is the thousands digit of 18586515?
6
What is the millions digit of 3021785?
3
What is the hundreds digit of 910541?
5
What is the thousands digit of 49017?
9
What is the hundreds digit of 148293?
2
What is the hundred thousands digit of 5063337?
0
What is the hundreds digit of 18739202?
2
What is the ten millions digit of 14742471?
1
What is the millions digit of 8271905?
8
What is the hundred thousands digit of 1455405?
4
What is the tens digit of 16115533?
3
What is the hundred thousands digit of 1552713?
5
What is the thousands digit of 464737?
4
What is the hundreds digit of 4077183?
1
What is the units digit of 69098?
8
What is the thousands digit of 2618395?
8
What is the millions digit of 2593707?
2
What is the thousands digit of 5627941?
7
What is the millions digit of 3535887?
3
What is the thousands digit of 1749648?
9
What is the tens digit of 336388?
8
What is the thousands digit of 219548?
9
What is the thousands digit of 1501559?
1
What is the tens digit of 30724700?
0
What is the tens digit of 572472?
7
What is the tens digit of 2581430?
3
What is the ten thousands digit of 329221?
2
What is the tens digit of 679044?
4
What is the ten thousands digit of 542341?
4
What is the hundred thousands digit of 4669263?
6
What is the ten thousands digit of 5683594?
8
What is the hundred thousands digit of 129599?
1
What is the units digit of 1068577?
7
What is the units digit of 6655995?
5
What is the millions digit of 5425397?
5
What is the millions digit of 9993284?
9
What is the ten thousands digit of 2411301?
1
What is the hundreds digit of 1416010?
0
What is the hundred thousands digit of 3199853?
1
What is the units digit of 442750?
0
What is the ten millions digit of 28637207?
2
What is the units digit of 609347?
7
What is the tens digit of 566276?
7
What is the millions digit of 22002519?
2
What is the hundred thousands digit of 743264?
7
What is the thousands digit of 708227?
8
What is the hundred thousands digit of 751177?
7
What is the hundreds digit of 3829461?
4
What is the hundred thousands digit of 4053920?
0
What is the hundreds digit of 4230076?
0
What is the tens digit of 17369901?
0
What is the ten thousands digit of 154031?
5
What is the tens digit of 1071314?
1
What is the ten thousands digit of 6189915?
8
What is the ten thousands digit of 2976744?
7
What is the tens digit of 231320?
2
What is the hundreds digit of 1056830?
8
What is the ten thousands digit of 517192?
1
What is the ten thousands digit of 173122?
7
What is the hundred thousands digit of 444692?
4
What is the units digit of 240630?
0
What is the millions digit of 22575329?
2
What is the hundred thousands digit of 17222985?
2
What is the thousands digit of 2220561?
0
What is the ten thousands digit of 77790?
7
What is the hundred thousands digit of 12391322?
3
What is the millions digit of 4810511?
4
What is the units digit of 356636?
6
What is the hundreds digit of 565732?
7
What is the tens digit of 365071?
7
What is the tens digit of 2104419?
1
What is the millions digit of 6832227?
6
What is the hundred thousands digit of 540370?
5
What is the ten thousands digit of 1391497?
9
What is the tens digit of 4916305?
0
What is the ten thousands digit of 182808?
8
What is the tens digit of 33346?
4
What is the ten thousands digit of 4503482?
0
What is the ten thousands digit of 963686?
6
What is the tens digit of 120592?
9
What is the millions digit of 2182106?
2
What is the thousands digit of 21068003?
8
What is the hundred thousands digit of 710746?
7
What is the units digit of 3942529?
9
What is the hundred thousands digit of 991570?
9
What is the hundred thousands digit of 521137?
5
What is the millions digit of 4240138?
4
What is the units digit of 1223460?
0
What is the tens digit of 26512381?
8
What is the ten thousands digit of 4479916?
7
What is the hundreds digit of 118414?
4
What is the ten thousands digit of 6744723?
4
What is the thousands digit of 8241661?
1
What is the tens digit of 81922?
2
What is the tens digit of 2509382?
8
What is the hundreds digit of 7839678?
6
What is the units digit of 31300918?
8
What is the ten millions digit of 22298250?
2
What is the ten thousands digit of 508501?
0
What is the millions digit of 7299216?
7
What is the thousands digit of 326155?
6
What is the millions digit of 1530789?
1
What is the ten thousands digit of 836250?
3
What is the hundred thousands digit of 5709616?
7
What is the ten thousands digit of 3396336?
9
What is the hundred thousands digit of 268697?
2
What is the hundreds digit of 1780550?
5
What is the tens digit of 196759?
5
What is the tens digit of 548899?
9
What is the tens digit of 762215?
1
What is the ten thousands digit of 1494654?
9
What is the ten thousands digit of 303575?
0
What is the tens digit of 241755?
5
What is the tens digit of 2530872?
7
What is the hundred thousands digit of 547562?
5
What is the ten thousands digit of 2440323?
4
What is the tens digit of 19618708?
0
What is the units digit of 502141?
1
What is the units digit of 13135519?
9
What is the ten thousands digit of 2731768?
3
What is the tens digit of 233349?
4
What is the units digit of 2149853?
3
What is the hundreds digit of 462215?
2
What is the hundreds digit of 10374265?
2
What is the ten thousands digit of 520536?
2
What is the hundreds digit of 17820255?
2
What is t